what is 111010 + 11?
111101
In base 14, what is -1 + -2031?
-2032
In base 10, what is -3 - -900?
897
In base 7, what is -301 - 13?
-314
In base 6, what is -4 - 3154?
-3202
In base 4, what is 130 + 2?
132
In base 10, what is -8 + 315?
307
In base 2, what is 100 + 1001000?
1001100
In base 3, what is -101 + 10211?
10110
In base 15, what is -a53 + 1?
-a52
In base 12, what is 0 + 5?
5
In base 14, what is -6 + 395?
38d
In base 15, what is 7 + -ab?
-a4
In base 7, what is 30301 - 4?
30264
In base 4, what is -13 - -100?
21
In base 5, what is -10 + -12011?
-12021
In base 16, what is 188c - -1?
188d
In base 6, what is 122 + 2?
124
In base 6, what is 4 - -30052?
30100
In base 14, what is 22 - b4?
-92
In base 3, what is 22 - 2222?
-2200
In base 16, what is -9 + 12?
9
In base 4, what is 110330 - -3?
110333
In base 11, what is 339 + -2?
337
In base 2, what is 100001 - 1110?
10011
In base 16, what is b6 + 11?
c7
In base 8, what is 120 - -6?
126
In base 2, what is 1001 - -10001110101?
10001111110
In base 4, what is -12330 + 3?
-12321
In base 3, what is 22002 + 12?
22021
In base 5, what is -211 - 11?
-222
In base 8, what is -3 - 50?
-53
In base 9, what is 64 - 0?
64
In base 4, what is -31 + -1112?
-1203
In base 7, what is 24 - -1022?
1046
In base 3, what is -10 - 201?
-211
In base 5, what is -10 + 234?
224
In base 8, what is -446 - 3?
-451
In base 2, what is -111000000 + 1000?
-110111000
In base 14, what is 7b + -1?
7a
In base 9, what is 8 + -450?
-441
In base 11, what is 5 + -11a?
-115
In base 12, what is -3 + -5a8?
-5ab
In base 12, what is 1 + -55?
-54
In base 7, what is -12 - 121?
-133
In base 13, what is 37 - 1?
36
In base 15, what is -e - 5?
-14
In base 3, what is -2 + -11021221?
-11022000
In base 11, what is 51 - 123?
-82
In base 3, what is -12 + 1011?
222
In base 15, what is 4 - -cb?
d0
In base 14, what is -c + -62?
-70
In base 5, what is -3004 - 2?
-3011
In base 11, what is 53 - -15?
68
In base 11, what is 23 + -129?
-106
In base 16, what is 1 + 848?
849
In base 14, what is 16 - -1?
17
In base 16, what is -9 + -5c?
-65
In base 13, what is -1 + 340?
33c
In base 11, what is 55 + -3?
52
In base 2, what is -10010111000101 - -1?
-10010111000100
In base 3, what is 212001 + 0?
212001
In base 15, what is 1 + -25d?
-25c
In base 6, what is -1 + 22124?
22123
In base 2, what is 100 - -1011010000101?
1011010001001
In base 16, what is ae - -5?
b3
In base 13, what is -1 + -2a4?
-2a5
In base 6, what is -41253 + -1?
-41254
In base 15, what is 1b9 + -9?
1b0
In base 9, what is -2 + -38?
-41
In base 14, what is -2 + 3?
1
In base 16, what is -38 - 2?
-3a
In base 3, what is 11111 - -102?
11220
In base 12, what is 245 + b?
254
In base 5, what is 22022 - 1?
22021
In base 11, what is 3a3 + 2?
3a5
In base 8, what is 657 + 16?
675
In base 12, what is -45 - 5?
-4a
In base 9, what is -5 + -260?
-265
In base 2, what is 11000101 + -100000?
10100101
In base 6, what is -2322 + -14?
-2340
In base 16, what is 3 - 27?
-24
In base 4, what is -1 - 21033?
-21100
In base 10, what is 4 - -11?
15
In base 5, what is 12 - 140?
-123
In base 3, what is 210010 + -12?
202221
In base 8, what is 0 - -47?
47
In base 13, what is 23b + -2?
239
In base 2, what is -111 - 1100?
-10011
In base 12, what is 2a + a2?
110
In base 14, what is 45 + -3?
42
In base 7, what is 2 - 3505?
-3503
In base 10, what is 149 - 33?
116
In base 2, what is -1 + 11111011?
11111010
In base 3, what is -1201 + -10?
-1211
In base 14, what is -ac0 + 2?
-abc
In base 14, what is -d - -7?
-6
In base 4, what is -301321 + 0?
-301321
In base 10, what is 0 - -712?
712
In base 16, what is 3 - 2a8?
-2a5
In base 7, what is -5 - -2160?
2152
In base 8, what is -71247 + -1?
-71250
In base 9, what is -88 - 5?
-104
In base 16, what is 3 - 4a?
-47
In base 2, what is 1100001001 - -100?
1100001101
In base 9, what is 14 - 53?
-38
In base 13, what is -10 - 35?
-45
In base 12, what is 60 - 7?
55
In base 10, what is -39 - -25?
-14
In base 2, what is 10111111100000 + -10?
10111111011110
In base 7, what is 11051 - 2?
11046
In base 9, what is -4 - -4844?
4840
In base 10, what is 142 - -125?
267
In base 4, what is -21 + 13?
-2
In base 6, what is 20 - 305?
-245
In base 7, what is 20 + -356?
-336
In base 2, what is -100 - -11?
-1
In base 5, what is 11012 + -3?
11004
In base 9, what is 74 - 0?
74
In base 14, what is 2 + -34?
-32
In base 15, what is 46e - 2?
46c
In base 3, what is 10021200 - 12?
10021111
In base 4, what is 203 - -10?
213
In base 15, what is -5 + 217?
212
In base 14, what is -143 - 5?
-148
In base 4, what is -2 - -2?
0
In base 13, what is 4 - -2b2?
2b6
In base 12, what is 13 + b?
22
In base 4, what is 101 - -231?
332
In base 4, what is -13231 - -2?
-13223
In base 14, what is 2 - 2d3?
-2d1
In base 12, what is 0 + a6?
a6
In base 2, what is -11 - -100001010?
100000111
In base 14, what is 6 - 14d?
-147
In base 11, what is -67 + -31?
-98
In base 9, what is 13 - 228?
-215
In base 11, what is -4a1 + -5?
-4a6
In base 8, what is -32 + -76?
-130
In base 15, what is 2d3 + -2?
2d1
In base 15, what is 23 - d1?
-ad
In base 7, what is -2 - -5?
3
In base 12, what is 1 - -4?
5
In base 9, what is -471 + 8?
-462
In base 15, what is a8 + 4?
ac
In base 2, what is 11011110111 - -11?
11011111010
In base 3, what is 1221000 + 1?
1221001
In base 5, what is 10 + -14321?
-14311
In base 11, what is -17 + 1564?
1548
In base 2, what is 1011000 - 10?
1010110
In base 10, what is 0 + -125?
-125
In base 13, what is 0 + 1ca?
1ca
In base 14, what is 1 + -85c?
-85b
In base 4, what is 3 - 100?
-31
In base 4, what is 33 + -2?
31
In base 7, what is 4 + -656?
-652
In base 5, what is 23 + -4224?
-4201
In base 8, what is -1475 + 14?
-1461
In base 16, what is 63 + 5?
68
In base 9, what is -4 - 507?
-512
In base 12, what is 1734 + 2?
1736
In base 11, what is -4 - 9?
-12
In base 2, what is 111 - -1001111?
1010110
In base 13, what is -2c + -67?
-96
In base 5, what is 14441 - -3?
14444
In base 7, what is -23121 + 2?
-23116
In base 12, what is 2 - 855?
-853
In base 16, what is -5 + -c35?
-c3a
In base 15, what is -5 - 318?
-31d
In base 14, what is 14 - 0?
14
In base 6, what is 2413 - 15?
2354
In base 10, what is 8971 - 5?
8966
In base 3, what is -1011000220 + -10?
-1011001000
In base 11, what is 1180 + -5?
1176
In base 11, what is -116 + -2?
-118
In base 4, what is -100 + 2200?
2100
In base 11, what is -262 + -7?
-269
In base 8, what is -3274 - 0?
-3274
In base 9, what is 1 - 18?
-17
In base 5, what is 10 - 234?
-224
In base 16, what is 2e + 9?
37
In base 5, what is 2240 - -20?
2310
In base 4, what is -2110 - 2?
-2112
In base 13, what is b - 402?
-3c4
In base 13, what is 3 - 313?
-310
In base 5, what is 34 + -1?
33
In base 13, what is -232 + 3?
-22c
In base 15, what is 21 + -5?
1b
In base 11, what is -2 - -12?
10
In base 9, what is 56 - -122?
178
In base 3, what is -12 - 1011122?
-1011211
In base 4, what is -2 - -2013?
2011
In base 13, what is -4 + 84?
80
In base 5, what is 2 - 330?
-323
In base 12, what is 3132 + -4?
312a
In base 5, what is 123 - -1100?
1223
In base 4, what is 3102 - 3?
3033
In base 3, what is 1121 - 2102?
-211
In base 15, what is -2 - -63?
61
In base 16, what is 112 + -4?
10e
In base 5, what is 4 - -3314?
3323
In base 11, what is 21 + -13?
9
In base 16, what is -37 + 3?
-34
In base 11, what is 1 - -1855?
1856
In base 4, what is 3021 + -2?
3013
In base 7, what is 150 + -1?
146
In base 14, what is 108 + 4?
10c
In base 13, what is 28a - 4?
286
In base 13, what is -144 - 3?
-147
In base 16, what is 12e9 + -5?
12e4
In base 11, what is 0 - 48?
-48
In base 7, what is -2 - 13341?
-13343
In base 5, what is 0 + -144?
-144
In base 2, what is -1011011001100 + -10?
-1011011001110
In base 13, what is 761 - 0?
761
In base 2, what is -1 - 111100001110?
-111100001111
In base 16, what is -4 - 40?
-44
In base 16, what is -5e0 - 0?
-5e0
In base 16, what is -8aa + 5?
-8a5
In base 5, what is 12 - 304?
-242
In base 13, what is a + -11?
-4
In base 16, what is b - 25?
-1a
In base 14, what is 987 - -4?
98b
In base 12, what is -501 + 0?
-501
In base 5, what is 0 - 224?
-224
In base 6, what is 144 - 0?
144
In base 8, what is -3 - 15?
-20
In base 3, what is 1 + -1221?
-1220
In base 15, what is 60 + 6?
66
In base 7, what is 60 - -162?
252
In base 9, what is 4 - -651?
655
In base 16, what is 5 + 26b?
270
I